29*t - 24. What is the tens digit of k(-1)?
5
Let d(a) = -22*a**3 - 4*a**2 - 7*a - 19. Let y be d(-4). Suppose -t + y = -95. What is the hundreds digit of t?
4
Let w = 123 + 1106. What is the units digit of w?
9
Suppose -11*d - 56*d - 56*d + 654360 = 0. What is the units digit of d?
0
Let j = 10497 + -5900. What is the hundreds digit of j?
5
Let p be 47*24/(-3 + 6). Suppose -l + p = 3*r, 0 = -r - r - 6. What is the tens digit of l?
8
Suppose 3*f + 2*f - 3*c = -10684, -2*f + 5*c - 4285 = 0. Let x = 3858 + f. What is the hundreds digit of x?
7
Suppose 290 = 10*v - 920. Let i = v - 119. Suppose -i*y - 86 = -3*n, -7*n - 2*y + 170 = -2*n. What is the units digit of n?
2
Let n(u) = -166*u - 12. Let q(y) = -111*y - 8. Let v(f) = -5*n(f) + 7*q(f). Suppose 0 = 6*a + 149 - 155. What is the units digit of v(a)?
7
Suppose 3300 = 31*c - 11*c. What is the units digit of (-1 - (-934)/30) + (-22)/c?
0
Suppose 0 = -k + u + 4475, 7*u - 9*u - 13427 = -3*k. What is the thousands digit of k?
4
Suppose -6*s + 15 = -3*s, g - s = -2. Suppose 0*a + g = a. Suppose 0 = 2*w + 5*p - 50 - 228, -2*p = -a*w + 417. What is the tens digit of w?
3
Let r be (-12)/90 - (-154)/30. Suppose -r*p + 2*p + 997 = -2*c, 3*p - 995 = c. What is the units digit of p?
1
Let c be (-9)/(-3)*(32/6 - 5). Let b(a) = a + 14. What is the tens digit of b(c)?
1
Let g(h) be the second derivative of -44*h**3/3 + 3*h**2/2 + 3*h. Let l = -254 - -252. What is the units digit of g(l)?
9
Let j = 32642 + -11025. What is the hundreds digit of j?
6
Let c(k) = -3*k + 11. Let i be c(3). Suppose -i*t - 2430 = -11*t. What is the hundreds digit of t?
2
Let u = -41 - -299. Let r = u - 54. What is the hundreds digit of r?
2
Let r(p) = -3732*p + 11. What is the tens digit of r(-16)?
2
Let b(v) = 43*v - 156. Let x be b(5). Suppose -161 = -y + 5*a, x*a = -2*y + 61*a + 354. What is the units digit of y?
1
Let k(g) = 2*g**2 + 5*g + 3. Let s be k(-4). Suppose 16*a = s*a + 1. Suppose -18 = -2*q - 5*t, 2*t + 3 = -a. What is the units digit of q?
4
Suppose 13*n = -452 + 114. What is the units digit of 223/1*(27 + n)?
3
Let u(z) = -88*z**3 - 3*z**2 - 18*z - 38. What is the hundreds digit of u(-2)?
6
Suppose 4*u = 0, 4*z + 3*u = 9*z - 23145. What is the tens digit of z?
2
Suppose 11*j + c = 6*j + 1452, 0 = j - c - 294. What is the units digit of j?
1
Suppose -5*q + 5*i - 2535 = 0, 4*q + 5*i = 7*q + 1519. Let f = 1027 + q. What is the units digit of f?
9
Let q = -167 - -434. Suppose 12 = 5*y - 4*y. Suppose -y*i + q = -9*i. What is the tens digit of i?
8
Let k(l) = -l. Let n(d) = d**3 + 2*d**2 - 8*d - 10. Let s(b) = 2*k(b) + n(b). What is the units digit of s(10)?
0
Suppose -115 + 105 = -5*t. What is the units digit of (8904/(-420))/(t/(-15))?
9
Suppose -10*a = 5*a + 600. Let z be (123/(-4))/(12/(-16)). What is the units digit of (-60)/a*2*z?
3
What is the hundreds digit of (-5)/2 + ((-2010681)/(-410))/((-9)/(-75))?
8
Suppose -255634 = -70*o + 2083062 + 257534. What is the thousands digit of o?
7
Let o(u) = -6*u**2 + u + 50. Let n(a) = -7*a**2 + a + 49. Let t(l) = -5*n(l) + 6*o(l). Let d be (-33)/99*(1 - -1 - 2). What is the units digit of t(d)?
5
Suppose -3*j = -94*r + 99*r - 75, -4*j + 71 = -3*r. Suppose 0 = j*d - 26*d + 10590. What is the units digit of d?
5
Suppose -29*k - 4369729 - 2982911 = -164*k. What is the units digit of k?
4
Let m be (432/12 + 8)/((-2)/62). Let d = -904 - m. What is the tens digit of d?
6
What is the hundreds digit of 2 + -4 + (21195/15 - 18)?
3
Suppose 10*v - 6*v + 64 = 0. Let g(r) = -15*r + 29. What is the tens digit of g(v)?
6
Let j(c) = -2 - 4*c + c**2 - 7*c + 9*c. Let w be j(-4). What is the tens digit of w + 2*(-3)/(4 - 1)?
2
Let y(j) = -j**3 + 45*j**2 - 88*j - 14. Suppose 850 = 41*c - 872. What is the thousands digit of y(c)?
1
Suppose 6 = -2*y + 4*y, -5*s + 81152 = -y. What is the tens digit of s?
3
Suppose 0 = -2*d - d - 4*w + 3828, 5*w - 3825 = -3*d. Suppose 4*a - d = 2*a. What is the tens digit of a?
4
Let b(t) = t**3 - 7*t**2 + 15*t - 5. Let a be b(5). What is the units digit of (-5)/1*(-4296)/a?
4
Let l be (-2)/((-2)/17) + 22 + -21. Let x(w) = 2*w**2 - 13*w + 20. What is the hundreds digit of x(l)?
4
Let z = 42 + -27. Suppose z = r + 5*v, 3*r + r = -5*v + 75. What is the tens digit of ((-112)/14)/((-2)/r)?
8
Let a = -65 + 85. Let j be (-25)/(-3 - a/(-7)). Suppose -145*n - j = -146*n. What is the units digit of n?
5
Suppose 2*i - 4442 = 4*c, 317*i - 316*i - 4*c = 2223. What is the hundreds digit of i?
2
Let m(j) = -144*j**3 + 23*j**2 - 12*j - 4. What is the hundreds digit of m(-5)?
6
What is the units digit of (-3)/(-42) + (-204075)/(-42)?
9
Suppose 0 = -g + 4, -2*g = 6*z - 2*z - 56. Let y = 2880 + -2889. What is the hundreds digit of 113 + 3*z/y?
1
Let w(z) = -2*z**3 + 23*z**2 + 50*z - 11. Let k be w(13). Let u be (-1407)/(-6) + (-1)/(-2). Let n = u - k. What is the hundreds digit of n?
1
Let a be 3/(-1 + (-245)/(-230)). Let i be (-3880)/44 - (-6)/33. Let m = a - i. What is the tens digit of m?
3
Let m(k) = 28*k**2 - 15*k + 26. Let z(l) = -l - 41. Let n be z(-44). What is the units digit of m(n)?
3
Let d = -385 - -389. What is the hundreds digit of ((-24)/(-2))/d + 8120/7?
1
Let i(j) = j + 9. Let d be i(-5). Suppose -29 - 13 = -2*w. Suppose d*x - w = x. What is the units digit of x?
7
Let y be (-862 + -8)*(-15)/6. Suppose -y = -3*j - 3*f, 5*f - 778 = -2*j + 657. What is the hundreds digit of j?
7
Let l be (485/2 - -9)*14. Let i = -2367 + l. What is the hundreds digit of i?
1
Let g = -7007 - -9828. Suppose -1744 = -11*w + g. What is the hundreds digit of w?
4
Let q = -29 - 46. Let z = q - -440. What is the units digit of z?
5
Suppose 23*j - 398239 + 22279 = -52235. What is the hundreds digit of j?
0
Suppose -33*r - 520 = -35*r. Suppose -3*u = -3*l + 762, l + u = -0*u + r. What is the units digit of l?
7
Let j be -4*3/(-8)*2. Suppose 5*d = 2*x + 678, -d - j*d = -x - 543. What is the units digit of d?
6
Let u(l) = -428*l + 84. What is the tens digit of u(-7)?
8
Let d(v) = 16*v - 9. Let r be d(10). Let g(w) = -w**2 + 30*w - 139. Let u be g(27). Let q = r + u. What is the units digit of q?
3
Suppose 3*v = -2*s + 21650, -5*s + 45*v - 46*v + 54138 = 0. What is the tens digit of s?
2
Let w = -566 - -1663. Suppose -w - 479 = -4*n. What is the tens digit of n?
9
Let j(k) = 293*k**3 - 2*k**2 + 1. Suppose 3*f - 3 = 5*p, 6 - 4 = 2*f + 2*p. What is the units digit of j(f)?
2
Let s(l) = 339*l**2 - 2*l + 3. Let n be s(1). Let f = n + -31. Let g = f - 161. What is the tens digit of g?
4
Let u = 63 - 57. Let p be 2/u - (15/(-9) + 2). Suppose 6*z - 713 + 203 = p. What is the tens digit of z?
8
Suppose 3*z - i + 43 = 0, -i - 11 = -12. What is the tens digit of ((-44)/(-154) - 4098/z)*1?
9
Suppose 2*c + 13258 = 2*d + 4*c, 0 = d + 5*c - 6649. What is the tens digit of d?
2
Suppose 7*j = 8 + 13. Suppose -j*q + 20 + 10 = 0. Suppose -q = -3*v + 275. What is the tens digit of v?
9
Let v = 99193 - 62204. What is the thousands digit of v?
6
Let f = -23 + 19. Let u be 0 - (f - -3) - 1. Suppose u = r - 4*j - 41, -4*r - j + 181 = -0*j. What is the units digit of r?
5
What is the tens digit of (20/1)/(120/7008)?
6
Let k be -4*(44/(-8) + 2). Let i be (-2)/7 - (-2272)/k. Suppose -9*c = -6*c - i. What is the units digit of c?
4
What is the units digit of (-3)/8*-4 + 382858/28?
5
Suppose 0 = -5*u - 48 + 23. What is the hundreds digit of (u/4)/(((-132)/10464)/11)?
0
Suppose 35672 = 15*k + 21*k + 16*k. What is the tens digit of k?
8
Let l(g) = 4*g**2 - 8*g - 11. Let i be l(-34). Let z = i - 3242. What is the units digit of z?
3
Let c(t) = 19*t**2 + 60*t + 151. What is the hundreds digit of c(17)?
6
What is the ten thousands digit of 2/(-7) + 342447280/5488?
6
Let c = 1911 + -2952. Let i = c - -2275. What is the tens digit of i?
3
Let c = 106194 + -68890. What is the tens digit of c?
0
Suppose 15*m = 5*q + 16*m - 654, 2*q = -2*m + 260. Let z = 22 + -16. Let i = q - z. What is the units digit of i?
5
Let v be 56/26 - (-2)/(-13). Suppose 0 = -5*b + v*n + 1327, n - 199 = -5*b + 1140. What is the tens digit of b?
6
Let b(v) = -44 + 23 - 41 + 52*v. What is the tens digit of b(10)?
5
Let t(x) be the third derivative of -2*x**6/15 - x**5/60 + x**4/24 - 37*x**2. Let o be -1 - (-4 + 3 - -2). What is the tens digit of t(o)?
2
Suppos